on divisor of w and 7.
1
Let z be (-3 - (-21)/5)/(10/(-25)). Let w be -11*z/2*(-50)/(-15). What is the greatest common factor of 33 and w?
11
Suppose -5*c - 153 = -3*y, 4*c + 0*c = -5*y + 292. Suppose -q + 28*v + 70 = 31*v, -v = -5*q + 350. What is the highest common divisor of q and y?
14
Let i = -4094 + 4157. Calculate the highest common factor of i and 1211.
7
Suppose -514 = n + d, -16*d = 3*n - 12*d + 1545. Let l = 563 + n. What is the highest common divisor of l and 182?
26
Let f = -10 + 20. Let n = -149 - -162. Suppose 465 + 575 = n*t. What is the greatest common factor of f and t?
10
Suppose -100 = -p - 5*d - 24, 3*d = 2*p - 48. Calculate the highest common divisor of 7218 and p.
18
Suppose -4*h + 3*p = 43, -h + 4*p - 24 = 3. Let r be (h - (-4 - 33)) + -2. Calculate the highest common factor of 504 and r.
28
Suppose 2*o - u - 878 = 0, -5*o + 5*u + 2648 = 463. What is the highest common factor of 36 and o?
9
Let q be (-108)/162*(-11721)/(-2). Let j = -2392 - q. Calculate the greatest common divisor of j and 15.
15
Let f(b) = b**3 + 8*b**2 - 8*b - 15. Suppose -5*y - 11 - 19 = 0. Let d be f(y). What is the highest common divisor of 15 and d?
15
Suppose 0 = -4*h + 4*w + 312, -973 = 4*h - 3*w - 1294. Calculate the greatest common factor of h and 9947.
29
Let y = 11403 + -11395. What is the greatest common factor of y and 10856?
8
Suppose 21238 = 4*m - 3*w, -7368 + 2063 = -m + 3*w. What is the greatest common factor of 47 and m?
47
Let k = 8 + -23. Let t(n) = -5*n - 33. Let s be t(k). Let z = s - 29. Calculate the highest common divisor of z and 143.
13
Let x be 6/10 - (-16588)/220. Suppose -3*f + 114 = -5*o, 2*f - 3*o - 2*o = x. Calculate the greatest common divisor of f and 57.
19
Let r be (216/48)/((-10)/12 + 1). What is the greatest common divisor of 927 and r?
9
Let d = -191 - -267. Suppose 0 = q - g + 3*g - d, -2*q = -2*g - 158. What is the highest common divisor of q and 416?
26
Suppose -2271*y - 144 = -2307*y. Calculate the greatest common divisor of 5324 and y.
4
Suppose 0 = -43*b - 109*b + 6384. What is the greatest common factor of 1764 and b?
42
Let l(w) = -3*w - 1. Let o be l(-2). Let z(f) = -f**3 + 4*f**2 + 5*f + 1. Let b be z(o). Suppose -2*m = -m - 7. Calculate the greatest common factor of b and m.
1
Let q = -43 + 42. Let r be (-24)/6 - q*16. Suppose -r*i + 190 = -7*i. What is the greatest common divisor of i and 57?
19
Let y = -50 + 192. Let u = y - 132. Calculate the greatest common factor of 1 and u.
1
Let z be 30/7 + -6 + 160/28. Suppose z*w - 294 + 58 = 0. Suppose 40 = 3*k + 2*i, -w = -4*k - 2*i + 5*i. Calculate the greatest common divisor of 21 and k.
7
Let q be 12/18 - -30*(2 - 1803/(-27)). Calculate the highest common factor of 48 and q.
48
Let z(d) = 3*d + d**3 - 6*d**2 - 14*d - 3*d + 2*d - 10. Let f be z(8). Calculate the highest common divisor of f and 220.
22
Suppose 3 = -a + 8. Let s = 7 + -4. Let h be (1 - -14)*((-4)/3 + s). Calculate the greatest common divisor of a and h.
5
Let w be -6*(2 - 0)*(-41)/41. Calculate the highest common divisor of 2748 and w.
12
Let a be (53 - 27) + (-10)/5. What is the highest common factor of a and 652?
4
Let n be -1*(-3 - -31 - 2)*-1. Let y(d) = -d**2 + 29*d + 5. Let j be y(n). Let b = j + -76. What is the highest common divisor of b and 63?
7
Let y be (6 - (-2)/2) + 9881. Calculate the greatest common factor of y and 120.
24
Suppose 2*k - 4 = 2*s - 12, -2*k = -4*s + 6. Let c be (2482/12 - s) + 4/24. Calculate the greatest common divisor of c and 13.
13
Let i = -3 - -6. Let a = -364 + 366. Suppose -3*p - a*p + 3*y = -103, i*y + 57 = 3*p. What is the greatest common divisor of 253 and p?
23
Suppose q + 0*q - 22 = -4*y, -4*q + 88 = -4*y. What is the highest common divisor of q and 4961?
11
Let s be ((3 + 235)/(-7))/(-2). What is the highest common divisor of 1088 and s?
17
Let q(b) = -45*b**3 - b - 7 - 10*b**2 + 91*b**3 - 47*b**3. Let v be q(-10). Suppose 72 = r + v*r. What is the highest common factor of 27 and r?
9
Let t(g) = -26*g - 4. Let y be t(-4). Let z(b) = b**2 - 116*b - 2527. Let f be z(-21). What is the greatest common divisor of f and y?
50
Suppose 2*p - 3*v = 1692, 24*v - 29*v + 4180 = 5*p. Let b = p + -776. Let r(h) = -3*h + 2. Let k be r(-2). Calculate the highest common divisor of k and b.
8
Let g = 1044 + -918. What is the greatest common factor of 322 and g?
14
Let l = 3394 + -2778. Calculate the highest common factor of 154 and l.
154
Let d = -1054 + 1575. Suppose -3483 = -22*o + d. What is the highest common divisor of 26 and o?
26
Suppose -3*x - 113*z + 116*z = -24, -3*x + 5*z + 32 = 0. Suppose -17*t - 158 = -20*t + x*j, 267 = 5*t - 3*j. Calculate the highest common factor of 1026 and t.
54
Suppose 0*t - 2*t = 0. Suppose 0*s - 2*s + 130 = t. Let o(u) = -u + 10. Let g be o(-16). What is the highest common factor of s and g?
13
Let y = -932 - -967. What is the highest common divisor of 455 and y?
35
Suppose -2*i = 8*a - 11*a - 2238, -a + 4 = 0. What is the greatest common divisor of 60 and i?
15
Suppose 3*g + 16 = 7*g - p, -4*p = 4*g - 16. Suppose -g*j - u + 16 = -23, -j = -3*u. Suppose 10*f - 77 = j*f. Calculate the highest common divisor of f and 11.
11
Suppose -9*v - 9447 = -2580. Let m = v + 827. What is the greatest common divisor of 112 and m?
16
Let x(z) = 12*z**2 + 8*z - 71 + 69 - 2*z. Let h be x(4). Let d = h - 102. Calculate the highest common divisor of 16 and d.
16
Let u = 81 - 77. Let w be (u - 1)*(-42)/(-18). Calculate the greatest common divisor of w and 175.
7
Suppose 414 - 42 = 4*r. Suppose -43 - r = -8*y. Suppose n - y = 1. What is the greatest common divisor of n and 12?
6
Let u(w) = -w + 50. Suppose -28*i - 158 = 234. Let h be u(i). What is the greatest common divisor of h and 160?
32
Suppose -615*d = -620*d + 101440. What is the highest common factor of d and 32?
32
Let g be 190 + -3*(-240)/(-36). What is the highest common factor of g and 102?
34
Suppose -84*z + 12 = -81*z. Let v be (3 + 3)*(-1 - (-14)/z). Let p be (0 - -9)*(2 + 3). Calculate the highest common factor of v and p.
15
Let w = -27 - -80. Let v be (198/77)/6 + w/7. Suppose 0 = 17*x - 16*x - 152. What is the greatest common factor of x and v?
8
Let z = 6464 + -5767. What is the highest common factor of z and 17?
17
Let v(x) = -24*x - 771. Let m be v(-48). What is the greatest common divisor of m and 1?
1
Suppose 184*n = 225*n - 82. Suppose 3*w = -3*s + 5*w - 41, -56 = 4*s - 4*w. Let r be 1 + (-5 + n - s). Calculate the greatest common divisor of r and 11.
11
Suppose -5*p = -538 + 198. Suppose -10*a + 25527 = 8*a - 2625. What is the greatest common factor of a and p?
68
Let m = 940 + -661. What is the greatest common divisor of 62 and m?
31
Let o be -17*(-11 - (16 - 19)). Calculate the highest common divisor of 4556 and o.
68
Let y = 264 - 622. Let n be (-1)/4 - y/(-8). Let f = n + 53. Calculate the highest common factor of f and 32.
8
Let x be (-1)/(-4) + (-556)/(-16). Let z be 0 - (128 + (-10 - (-10 + 5))). Let u = 133 + z. Calculate the greatest common factor of x and u.
5
Let g(f) = f**3 + 29*f**2 - 21*f + 51. Let m be g(-29). Let k be m/8*2 - -7. What is the highest common divisor of k and 43?
43
Let b(t) = -1 + 0 - 12*t**2 - 17*t - t**3 + 23*t**2. Let i be b(6). Let v be 3 - (-6 + -2 + 0). What is the highest common divisor of i and v?
11
Let u(l) = -l**3 + 8*l**2 + 44*l - 288. Let j be u(9). What is the highest common factor of j and 837?
27
Suppose -20*s + 15*s = 1165. Let f = s - -248. Calculate the highest common divisor of 10 and f.
5
Let r = 116 - -10. Let z(a) = -a**3 - 19*a**2 + 10*a + 10. Let x be z(-20). What is the highest common factor of r and x?
42
Suppose -8*u + 161 = 41. Suppose 0*g + u*g = 1770. What is the greatest common factor of g and 177?
59
Let y = -15635 + 15665. Let s(w) = w**2 - 5*w + 15. Let a be s(15). What is the greatest common factor of a and y?
15
Let q(p) = -3*p + 7. Let z be q(-7). Suppose -6*l + 473 + 235 = 0. Let x = l - z. Calculate the greatest common factor of 18 and x.
18
Suppose -3*v = z - 3242, 0 = -225*v + 230*v + 4*z - 5408. What is the greatest common divisor of v and 675?
135
Suppose 2*h - t = 7*h + 85, 0 = 5*h - 4*t + 85. Let r = h - -29. Let i be 6 + 4/((-2)/1). What is the greatest common factor of r and i?
4
Let c be -4